Calculate the greatest common divisor of 180298847 and 1843.
1843
Calculate the greatest common divisor of 21897 and 2427597.
27
What is the greatest common factor of 9830453 and 31855?
6371
What is the highest common factor of 46609236 and 1836?
108
What is the highest common divisor of 2242 and 1779676?
118
What is the highest common divisor of 99676354 and 158?
158
Calculate the highest common factor of 25114904 and 52.
4
Calculate the greatest common factor of 12816 and 8794179.
801
What is the greatest common factor of 563985 and 458285?
755
Calculate the greatest common factor of 732589 and 11336.
1417
Calculate the highest common factor of 3122350 and 14350.
350
Calculate the highest common factor of 785120 and 9520.
560
What is the greatest common factor of 218088 and 24264?
72
What is the greatest common divisor of 120 and 4504?
8
What is the highest common divisor of 767 and 50556923?
59
Calculate the greatest common divisor of 6505720 and 832.
104
Calculate the greatest common divisor of 17471697 and 9177.
1311
Calculate the greatest common divisor of 882 and 14516712.
126
Calculate the highest common divisor of 44 and 65082743.
11
Calculate the greatest common factor of 2120 and 218614930.
530
What is the highest common divisor of 4466696 and 105560?
3016
Calculate the greatest common divisor of 3470567 and 578.
17
Calculate the greatest common divisor of 3 and 30667825.
1
What is the greatest common divisor of 39 and 1593393750?
39
Calculate the highest common factor of 7513 and 351005311.
683
Calculate the highest common divisor of 10375 and 18572750.
125
Calculate the highest common factor of 7 and 16386013.
7
Calculate the greatest common factor of 644625 and 483375.
375
Calculate the greatest common divisor of 645652 and 15316.
28
Calculate the highest common factor of 10914 and 86241.
51
Calculate the highest common divisor of 1389 and 40347672.
1389
What is the greatest common factor of 7840 and 594860?
980
Calculate the greatest common divisor of 2596637880 and 60.
60
Calculate the greatest common divisor of 15673 and 15554333.
2239
Calculate the greatest common factor of 56066 and 4310486.
3298
Calculate the greatest common divisor of 231 and 483210987.
21
What is the greatest common factor of 2222811 and 9?
9
What is the highest common factor of 62146104 and 4452?
636
Calculate the greatest common factor of 883268 and 8711960.
2012
What is the highest common divisor of 9357559 and 74?
37
What is the highest common factor of 145 and 1661260?
5
Calculate the greatest common divisor of 2167 and 284339.
11
Calculate the greatest common factor of 127152175 and 25.
25
What is the highest common factor of 1669492 and 29678?
418
What is the greatest common divisor of 9930 and 5840826?
1986
What is the highest common factor of 901331 and 81176?
73
What is the greatest common factor of 64232175 and 525?
525
Calculate the greatest common factor of 4085 and 4031680.
215
Calculate the greatest common factor of 31820 and 1264372.
172
What is the highest common factor of 2008 and 228153478?
502
What is the highest common divisor of 7752 and 914394?
114
What is the greatest common factor of 90 and 69014619?
9
What is the greatest common divisor of 18321336 and 8?
8
Calculate the highest common divisor of 2014212 and 48.
12
Calculate the highest common factor of 84 and 851904536.
28
Calculate the greatest common factor of 37986 and 1561809.
1461
Calculate the highest common divisor of 5004 and 86796.
36
What is the highest common divisor of 16 and 209284720?
16
What is the greatest common divisor of 19436 and 76?
4
Calculate the greatest common factor of 27166946 and 2.
2
Calculate the highest common divisor of 579448292 and 92.
92
Calculate the highest common divisor of 1808467101 and 798.
399
What is the greatest common divisor of 163266 and 2202?
6
Calculate the greatest common divisor of 460095 and 4107.
111
Calculate the highest common factor of 6542724 and 2424.
12
What is the highest common factor of 438531180 and 3492?
1164
Calculate the highest common factor of 5106 and 21137.
23
What is the highest common factor of 18154 and 63587202?
626
Calculate the highest common factor of 582 and 82395195.
291
Calculate the greatest common factor of 5250455 and 1005.
335
What is the greatest common divisor of 147 and 203215887?
147
Calculate the greatest common divisor of 112 and 10286500.
28
What is the greatest common divisor of 146 and 71549563?
73
Calculate the greatest common divisor of 1040 and 1941360.
80
Calculate the greatest common factor of 38941036 and 2273.
2273
What is the greatest common factor of 45787005 and 847?
121
Calculate the highest common divisor of 702 and 2052453.
39
Calculate the greatest common divisor of 216 and 24272433.
27
What is the greatest common divisor of 39274 and 14016?
146
Calculate the highest common divisor of 120906254 and 53329.
3137
What is the greatest common divisor of 18035542 and 7799?
709
Calculate the highest common divisor of 2872 and 931964.
1436
Calculate the highest common divisor of 442 and 5322057.
13
Calculate the highest common divisor of 61328 and 3736.
8
What is the highest common factor of 1087848 and 342432?
2088
What is the highest common divisor of 55131460 and 2760?
460
What is the highest common divisor of 216 and 20715444?
36
Calculate the highest common divisor of 337700 and 29150.
550
What is the greatest common divisor of 49172706 and 5697?
1899
What is the highest common divisor of 724880 and 375600?
80
Calculate the greatest common divisor of 36 and 9636804.
36
What is the highest common divisor of 1332 and 14016969?
333
Calculate the highest common factor of 6408114 and 30.
6
What is the greatest common divisor of 224310 and 12570?
30
Calculate the highest common factor of 610 and 6946375.
305
Calculate the greatest common divisor of 294056 and 2681392.
4984
Calculate the highest common factor of 3842 and 38974982.
34
Calculate the greatest common factor of 1035993587 and 349.
349
What is the highest common factor of 58352137 and 713?
31
What is the greatest common divisor of 174 and 44570535?
87
What is the greatest common factor of 273544801 and 2623?
2623
What is the greatest common divisor of 18876 and 33924?
132
Calculate the greatest common factor of 9562 and 173531859.
683
What is the highest common factor of 1840 and 11747440?
80
Calculate the highest common divisor of 721436793 and 2961.
987
Calculate the greatest common factor of 3581048 and 1383.
461
What is the greatest common factor of 287 and 1929829?
41
What is the greatest common factor of 25711620 and 2520?
60
Calculate the greatest common factor of 3549 and 10172357.
13
What is the greatest common divisor of 10 and 64400870?
10
Calculate the highest common factor of 438817449 and 21.
21
Calculate the highest common divisor of 9112 and 241259563.
1139
Calculate the highest common factor of 1135978 and 2121437.
383
Calculate the greatest common factor of 1891 and 9143264.
31
Calculate the greatest common divisor of 20518896 and 192.
48
Calculate the greatest common divisor of 6 and 762265872.
6
Calculate the highest common factor of 383970411 and 24453.
1881
Calculate the highest common factor of 81647554 and 34641.
1283
What is the greatest common factor of 662075 and 225?
25
Calculate the highest common factor of 4243416 and 312.
24
What is the greatest common factor of 52 and 1814748?
52
Calculate the greatest common divisor of 178112 and 342848.
704
Calculate the greatest common divisor of 1890461 and 20.
1
Calculate the greatest common factor of 2 and 254350362.
2
Calculate the greatest common divisor of 13100843 and 420.
7
Calculate the greatest common divisor of 9945 and 53755.
65
What is the greatest common divisor of 249 and 22441872?
249
What is the highest common factor of 2521875 and 18561?
807
What is the highest common factor of 97207160 and 120?
40
Calculate the greatest common factor of 9297 and 2168267.
1033
Calculate the greatest common factor of 13435 and 25935.
5
Calculate the highest common divisor of 579077625 and 525.
525
Calculate the highest common divisor of 104584875 and 750.
375
What is the greatest common divisor of 576 and 1812582?
18
Calculate the greatest common fac